3*p + 2*p = 30. Let s = i + p. Calculate the greatest common divisor of s and 20.
5
Let z(v) = v**3 - v + 3. Suppose -2*p + 2 = -4. Suppose 3*b = o + 4 - 0, p*b - 20 = 5*o. Let x be z(b). What is the highest common factor of 12 and x?
3
Suppose m + 4*b = 6*m - 122, 0 = 5*m + 5*b - 95. What is the highest common factor of 2 and m?
2
Suppose -f + 44 = -4*i - 3, -3*f + 4*i = -117. Calculate the highest common divisor of f and 14.
7
Let p be -4*21/4*1. Let n be ((-8)/(-3))/((-7)/p). Let i be 19/3 - n/(-12). Calculate the greatest common divisor of 77 and i.
7
Let r be (-7)/((-1)/(-1))*-11. Calculate the greatest common factor of 22 and r.
11
Let k = -10 - -25. Let w(r) = r**2 - 14*r. Let s be w(15). What is the greatest common factor of s and k?
15
Let h(l) = l**2 - 3*l - 6. Let g be h(-3). What is the greatest common factor of g and 4?
4
Suppose 2*y + 0*y + 2*a - 416 = 0, 0 = 3*a. Suppose y + 17 = 5*g. What is the highest common factor of 15 and g?
15
Let s(c) = 4*c**2 + 14*c - 4. Let t be s(-6). What is the highest common factor of 8 and t?
8
Let m be 48*(-3)/(-9)*6. Calculate the highest common factor of 24 and m.
24
Suppose 2*l = 3*q + 19, -3*l - l - q + 31 = 0. Calculate the greatest common divisor of 8 and l.
8
Let t be (-4)/18 + (-38)/(-9) + -2. Calculate the greatest common factor of t and 22.
2
Let b(z) = z**3 + 11*z**2 - 12*z + 10. Let r be b(-12). Calculate the greatest common factor of 70 and r.
10
Let j be (1*-3)/((-9)/24). Suppose 2*o = 6, 18 = -6*s + 2*s - 2*o. Let w be s*3/21*-28. Calculate the greatest common factor of w and j.
8
Suppose 5*s - 45 = -0*s. Let g(h) = -71*h - 2. Let v be g(-2). Suppose r + 41 = v. What is the highest common factor of r and s?
9
Suppose 7 = 5*b + 2. Let a be (-10 - -22) + (-3)/b. What is the highest common factor of a and 18?
9
Suppose 0 = -2*c - 3*t + 42, 5*c - t = t + 105. Calculate the highest common factor of 7 and c.
7
Let x(t) = -25*t + 12*t**2 + 25*t - 1. Let b be x(1). What is the greatest common factor of 88 and b?
11
Let l be (18/24)/((-1)/(-12)). Suppose 0 = 5*x - 10*x + 45. Calculate the greatest common divisor of x and l.
9
Let x(m) = -m + 11. Let q be x(5). What is the highest common factor of q and 42?
6
Suppose -32 = -3*r + 28. Suppose -l - 160 = -3*l. Calculate the greatest common divisor of r and l.
20
Let t = 14 + 142. Calculate the greatest common factor of t and 104.
52
Suppose -2*w + 7 = -5. Suppose 4*i - 3*f - 10 = -f, 0 = -i + 4*f + w. Suppose -12 = -i*r + 48. What is the greatest common factor of r and 45?
15
Suppose 2*w - 192 = -4*c, 2*w + 0*c = 3*c + 171. Suppose -a - 62 = -4*r + 7, -2*a = -r + 12. Calculate the greatest common divisor of w and r.
18
Let z be -1 + 1 + 2 + 0. Let f be (28/21)/(z/9). Calculate the highest common factor of 15 and f.
3
Let q be 18/4 + 7/14. Suppose -q = b - 47. Suppose 2*x - 12 = 4*v, -4*v = 4*x - 57 - 15. Calculate the highest common factor of x and b.
14
Let r = 217 - 72. What is the highest common factor of 29 and r?
29
Let x(n) = -24*n - 2. Let o(q) = -25*q - 2. Let y(g) = 5*o(g) - 6*x(g). Let r be y(2). Calculate the greatest common divisor of 16 and r.
8
Let j = -35 + 60. Suppose -k + 2*b - b - 4 = 0, 5*b = j. What is the greatest common divisor of k and 10?
1
Let q(x) = x**3 - 4*x**2 + 5*x - 21. Let k be q(5). Calculate the highest common factor of k and 87.
29
Let h(w) = -4*w + 10. Let z(c) = -4*c + 9. Let x(i) = -4*h(i) + 3*z(i). Let k be x(9). Calculate the highest common factor of 115 and k.
23
Let a = -77 - -269. Calculate the highest common divisor of a and 24.
24
Let k(z) = -6*z + 1. Let y be k(1). Let d(i) be the second derivative of -i**3/3 - 2*i**2 + i. Let g be d(y). Calculate the greatest common factor of g and 15.
3
Suppose 3*z + 56 = 200. Suppose w - z = -3*w. Let o = 53 - -31. Calculate the highest common factor of w and o.
12
Suppose 5*m - 400 + 25 = 0. Calculate the highest common divisor of 50 and m.
25
Let p(t) = -t**2 - 17*t - 24. Let o be p(-11). Calculate the greatest common divisor of o and 6.
6
Let r be (2 - -1) + (-1 + 35 - 4). What is the greatest common divisor of r and 3?
3
Let w(o) = 32*o**2 - 4*o + 1. Let n be w(2). Calculate the greatest common factor of n and 11.
11
Suppose -3*l + 42 = -w - 188, 4*l + 2*w = 320. Calculate the greatest common divisor of l and 52.
26
Suppose -5*s + 11 = -z, -z - 24 = -2*s - 1. Let v = -23 - z. Calculate the highest common divisor of 12 and v.
4
Let r(g) be the second derivative of -3*g**5/20 - 5*g**4/12 - 5*g**3/6 - 3*g**2 + g. Let h be r(-4). Calculate the greatest common divisor of h and 14.
14
Let o = -14 - -28. Suppose -2*p + o = -2*k, -p - k = -0*p - 9. What is the highest common divisor of p and 16?
8
Let z(o) = o**3 - o + 3. Let r be z(0). Let i be (3 - r - -3)*11. What is the highest common divisor of i and 33?
33
Let w = 250 - 154. Suppose -w = -2*z + z. What is the greatest common divisor of z and 12?
12
Let c(o) = o**3 - 10*o**2 + 2*o - 3. Let k be c(10). What is the greatest common factor of k and 85?
17
Suppose -12 = -5*h + 28. Suppose 0*w - w - 44 = -5*l, 2*w + 40 = 4*l. What is the highest common factor of h and l?
8
Suppose 0 = -4*l + 7 + 61. Let r = 1 + l. Calculate the highest common factor of 45 and r.
9
Let o be (2/(-2))/((-5)/85). Calculate the highest common divisor of o and 85.
17
Suppose -2*r = -0*r - 6. Let h(j) = j**2 + j**3 - 3*j**2 + 1 + 2. Let d be h(r). What is the highest common divisor of d and 3?
3
Let v = -1 + 33. Let p = 2 - -1. Let t be 1 + 5/(5/p). What is the highest common divisor of v and t?
4
Let f(c) = -c**2 - c + 3. Let m be f(0). Suppose w + x - m - 6 = 0, -4*w + 51 = -x. Suppose 20 + w = 4*l. What is the highest common divisor of 24 and l?
8
Suppose 3*v - 77 = 91. Calculate the greatest common divisor of v and 280.
56
Let m be 4/(-18) + 1752/108. Calculate the highest common divisor of m and 24.
8
Suppose -32 = 3*q - 8. Let m = q - -64. Calculate the highest common factor of m and 8.
8
Let o be ((-10)/(-8))/((-5)/(-240)*6). What is the greatest common factor of 50 and o?
10
Suppose 3*k = -k + 120. Suppose -6 = -3*w + k. Suppose 5 + 7 = 4*f. What is the highest common divisor of f and w?
3
Let a be 1 - -84 - 0/3. Let t(y) = 19*y + 129. Let s be t(-5). Calculate the greatest common factor of s and a.
17
Let a(d) = -22*d - 1. Let z be a(-1). Let p = 9 + -3. Let u = p + 1. Calculate the greatest common factor of z and u.
7
Let k(x) = -49*x - 1. Suppose -4*p = -9*p - 5. Let o be k(p). What is the greatest common divisor of o and 120?
24
Let r = -2 - -9. Suppose 60 = -3*w + r*w. Suppose 5*a - 7 - 23 = 0. What is the highest common divisor of a and w?
3
Let d(m) = 2*m**2 - 2*m + 2. Let j be d(2). Let t be j - 3 - 1*-2. Suppose 14 + 46 = t*x. What is the greatest common divisor of x and 12?
12
Let x(r) = r**2 + 10*r - 7. Let q be x(-11). Suppose 2*h - 69 = -q*l - h, 0 = l - 5*h - 23. What is the greatest common divisor of l and 12?
6
Let s be (-6)/4 + 105/10. Calculate the highest common divisor of 1 and s.
1
Let l be (4/6)/(1/6). Let b(y) = -y**2 - 5*y + 20. Let v be b(-7). Calculate the highest common divisor of v and l.
2
Let w(l) = -l**3 + 9*l**2 + 9*l + 5. Let y be w(10). Let q = 8 + y. What is the greatest common divisor of q and 33?
3
Suppose 42 = -8*a + 9*a. Let m = -127 + 64. Let r be (m/(-6))/(3/4). What is the highest common factor of r and a?
14
Suppose 106 = 4*a + 6. Let o = a - 15. What is the highest common factor of 10 and o?
10
Let u be (0 + 5)/(2 - 3). Let w be ((-12)/(-10))/((-1)/u). Let v = 5 + -3. Calculate the greatest common factor of w and v.
2
Let r(a) = a**2 + 4*a + 3. Let n = 1 - 0. Let g = -7 + n. Let y be r(g). Calculate the highest common factor of 45 and y.
15
Suppose -4*b - 10 = b. Let x be (8/(-3))/(b/3). Let g be (192/20)/(x/30). Calculate the greatest common factor of g and 8.
8
Let u(v) = -3*v**3 - 5*v**2 - 4*v - 2. Let b be u(-3). Let l = b + -22. What is the highest common factor of l and 72?
24
Suppose 0 = z - 6*v + 4*v - 82, -2*z + 168 = -3*v. What is the greatest common divisor of z and 10?
10
Let b be 484/12 - 2/6. Suppose 4*a - b = -4. Calculate the highest common factor of 63 and a.
9
Let u = 261 + -153. What is the greatest common divisor of u and 4?
4
Let u(d) = d**2 + d - 2. Let p be u(2)